
What is the highest common divisor of 160 and 398785?
5
What is the greatest common divisor of 36125 and 1887?
17
What is the greatest common divisor of 121941993 and 3?
3
Calculate the highest common divisor of 311954 and 2562.
122
Calculate the highest common divisor of 32802703 and 173.
173
What is the highest common factor of 186204076 and 4?
4
Calculate the greatest common divisor of 17825773 and 7.
7
What is the highest common divisor of 65400 and 532356?
1308
Calculate the greatest common divisor of 194194 and 536822.
286
Calculate the greatest common divisor of 72 and 154359324.
36
What is the highest common factor of 2 and 149046384?
2
What is the highest common factor of 9563904 and 81?
9
Calculate the greatest common factor of 171877444 and 27912.
4652
What is the greatest common divisor of 2796 and 9479372?
932
Calculate the highest common factor of 1445928909 and 619.
619
What is the highest common divisor of 63 and 92943711?
63
What is the highest common factor of 7896 and 840?
168
What is the greatest common divisor of 2724 and 2694717?
681
Calculate the highest common divisor of 18 and 1041102.
18
Calculate the greatest common factor of 189 and 6747363.
63
Calculate the greatest common factor of 84 and 25915904.
28
What is the greatest common factor of 295496 and 942323?
859
Calculate the highest common factor of 4103 and 2512901.
373
What is the highest common factor of 226538 and 526?
2
Calculate the highest common factor of 6543 and 191450361.
2181
What is the greatest common divisor of 133641275 and 75?
25
What is the highest common divisor of 31593935 and 71?
71
What is the highest common factor of 140875 and 1685325?
575
Calculate the greatest common divisor of 4 and 24052852.
4
What is the highest common divisor of 22053535 and 280?
35
Calculate the highest common divisor of 1643535 and 465.
15
What is the greatest common factor of 34616832 and 6696?
744
Calculate the greatest common factor of 2582471 and 554.
277
Calculate the greatest common factor of 46702 and 194066.
38
What is the greatest common divisor of 60754 and 370?
74
Calculate the greatest common factor of 7236 and 35388.
36
What is the greatest common divisor of 17370724 and 476?
28
Calculate the highest common factor of 2335 and 1570521467.
467
What is the highest common divisor of 3417 and 281269216?
1139
Calculate the highest common divisor of 403264266 and 15.
3
Calculate the greatest common divisor of 16100 and 449351.
161
What is the greatest common factor of 52708740 and 120?
60
Calculate the highest common divisor of 18 and 325268922.
6
Calculate the greatest common divisor of 8640 and 46903104.
1728
What is the greatest common factor of 26816 and 429800144?
6704
Calculate the highest common factor of 28275 and 45525.
75
Calculate the greatest common factor of 20425 and 62225.
475
What is the greatest common divisor of 84303942 and 1116?
186
What is the highest common factor of 4348754 and 58658?
278
What is the highest common factor of 292887555 and 15?
15
Calculate the greatest common divisor of 1941 and 323432712.
1941
Calculate the highest common divisor of 55074 and 106932.
402
Calculate the highest common factor of 2574 and 77522016.
858
Calculate the greatest common factor of 81003 and 907959.
1209
Calculate the greatest common divisor of 87401199 and 34.
17
What is the greatest common factor of 33231361 and 38?
19
What is the highest common divisor of 69522670 and 6860?
3430
Calculate the greatest common divisor of 27330356 and 1666.
34
Calculate the greatest common factor of 1501459 and 17171.
223
What is the greatest common divisor of 76 and 1071980?
76
What is the highest common factor of 75769835 and 5?
5
Calculate the greatest common divisor of 84 and 38191020.
84
Calculate the greatest common divisor of 15681749 and 2517.
839
Calculate the greatest common factor of 88 and 166129216.
88
Calculate the highest common factor of 12628 and 82705364.
1148
What is the greatest common factor of 28521 and 7098560?
3169
Calculate the highest common factor of 423144 and 29682.
18
What is the highest common factor of 326 and 181444?
2
Calculate the highest common divisor of 1876002 and 4.
2
Calculate the highest common factor of 2786 and 63438613.
1393
Calculate the highest common divisor of 282 and 264407336.
94
What is the highest common divisor of 70461515 and 1945?
1945
Calculate the highest common divisor of 156 and 4820348.
52
What is the greatest common divisor of 493055 and 731600?
155
What is the highest common factor of 33 and 13211088?
33
What is the greatest common factor of 18958610 and 2490?
10
What is the highest common factor of 105224 and 14917?
7
Calculate the highest common factor of 54984 and 10617600.
1896
What is the greatest common divisor of 23904572 and 436?
436
Calculate the greatest common factor of 3278 and 667799.
11
What is the greatest common divisor of 309738377 and 767?
767
What is the greatest common factor of 225 and 858240?
45
What is the greatest common divisor of 52 and 949731406?
26
Calculate the highest common divisor of 8091 and 521217.
261
Calculate the highest common divisor of 31 and 568615547.
31
Calculate the highest common divisor of 15920 and 549041.
199
Calculate the highest common divisor of 1074 and 584940854.
358
Calculate the greatest common divisor of 5883588 and 27.
9
What is the highest common divisor of 73712 and 5287?
17
Calculate the greatest common factor of 295200 and 194094.
738
What is the greatest common factor of 260000 and 193492?
52
What is the highest common factor of 921644762 and 3166?
3166
What is the highest common factor of 7050 and 12795?
15
Calculate the greatest common divisor of 31576 and 68416.
8
Calculate the greatest common divisor of 285825480 and 96.
24
What is the greatest common factor of 39144 and 860160?
168
What is the greatest common divisor of 136563 and 105693?
147
What is the greatest common factor of 18033034 and 309?
103
Calculate the highest common divisor of 20232850 and 1675.
25
Calculate the greatest common factor of 7293128 and 5598628.
13556
Calculate the highest common factor of 875 and 2833925.
25
What is the greatest common factor of 106400 and 702800?
2800
Calculate the greatest common factor of 337 and 503305793.
337
What is the greatest common factor of 6356 and 85331116?
908
Calculate the greatest common divisor of 396 and 203409.
9
What is the greatest common divisor of 2740 and 5926940?
20
Calculate the highest common divisor of 1206386118 and 36.
18
What is the greatest common divisor of 448492 and 979?
11
What is the greatest common divisor of 5032 and 3156951?
629
What is the greatest common divisor of 3991 and 51476839?
307
Calculate the highest common factor of 213036664 and 796.
796
What is the highest common factor of 12 and 470090724?
12
Calculate the highest common factor of 16275 and 28964075.
5425
Calculate the highest common divisor of 20923425 and 225.
225
Calculate the greatest common divisor of 1910 and 19616655.
955
What is the greatest common factor of 364 and 483404?
4
Calculate the highest common factor of 899 and 330919.
29
Calculate the highest common divisor of 4 and 309792410.
2
Calculate the highest common divisor of 4258 and 60401859.
2129
Calculate the greatest common divisor of 262260 and 2448.
36
What is the highest common divisor of 4845806 and 4518?
502
Calculate the highest common factor of 141 and 1482803.
47
Calculate the greatest common factor of 3808 and 7847336.
952
What is the greatest common divisor of 944 and 98819336?
472
Calculate the highest common factor of 723734115 and 195.
195
Calculate the highest common divisor of 72495850 and 525.
175
Calculate the highest common divisor of 29000 and 10300.
100
Calculate the highest common factor of 81 and 43863849.
81
What is the greatest common factor of 84 and 2247210?
42
What is the greatest common divisor of 6766 and 4573?
17
What is the greatest common divisor of 2592 and 1572768?
288
What is the highest common divisor of 13702199 and 6514?
3257
What is the highest common divisor of 178434363 and 34867?
4981
Calculate the highest common divisor of 1395 and 1409535.
45
Calculate the greatest common factor of 49616 and 534258.
886
Calculate the greate